 = 53*t - 25. What is c(1)?
28
Let d(k) = 4*k**3 + 91*k**2 - 35*k - 28. Determine d(-23).
248
Let f(x) = 62*x - 497. Calculate f(6).
-125
Let h(g) = -g**2 + 92*g - 480. Calculate h(5).
-45
Let t(o) = -2*o**2 - 66*o - 369. Give t(-21).
135
Let x(r) = -8*r**2 - 30*r + 34. Determine x(2).
-58
Let a(w) = -79*w - 4232. Calculate a(-53).
-45
Let c(i) = 2*i**2 + 13*i - 419. Determine c(11).
-34
Let c(r) = 58*r - 335. Calculate c(6).
13
Let s(n) = -2*n**2 + 3*n + 3. Give s(-6).
-87
Let m(z) = 953*z - 16191. Give m(17).
10
Let w(b) = -3*b**2 + 9*b - 40. Give w(7).
-124
Let o(f) = f**2 + 48*f - 254. What is o(-53)?
11
Let q(r) = 51*r - 2959. Calculate q(58).
-1
Let d(n) = 9*n**3 + 53*n**2 - 16*n + 4. Give d(-6).
64
Let r(p) = -13*p - 78. Calculate r(-6).
0
Let b(p) = -165*p**2 - 8415*p + 5. Calculate b(-51).
5
Let n(v) = 45*v - 4968. Give n(111).
27
Let a(l) = 5*l**2 + 3*l - 76. Give a(-6).
86
Let d(x) = 4*x**2 - 99*x + 488. Determine d(7).
-9
Let j(x) = x**3 + 16*x**2 + 5*x + 24. Determine j(-15).
174
Let w(s) = 70*s - 6. Give w(-1).
-76
Let u(v) = -2*v**3 - 18*v**2 - 10*v - 20. What is u(-7)?
-146
Let w(m) = -47*m + 122. Give w(3).
-19
Let r(x) = -2*x**3 - 28*x**2 + 44*x - 971. What is r(-17)?
15
Let k(i) = -i**3 + 24*i**2 - 142*i + 7. What is k(10)?
-13
Let o(j) = -j**3 - 37*j**2 + 52*j - 1021. Give o(-39).
-7
Let j(n) = -2*n**3 - 24*n**2 + 56*n - 85. What is j(-14)?
-85
Let y(v) = v**2 - 11*v + 5. Determine y(10).
-5
Let s(d) = -d**3 + 62*d**2 - 345*d + 13502. Calculate s(60).
2
Let j(c) = -539*c + 3814. Give j(7).
41
Let r(i) = -36*i**2 + 629*i - 332. Calculate r(17).
-43
Let r(l) = -1215*l - 7296. Determine r(-6).
-6
Let a(l) = -2*l**2 - 57*l - 17. Calculate a(-28).
11
Let k(q) = -363*q - 1858. Give k(-5).
-43
Let u(f) = f**2 + 138*f + 3169. Calculate u(-29).
8
Let t(w) = 67*w + 13. What is t(7)?
482
Let j(m) = 69*m - 2886. Calculate j(42).
12
Let n(x) = 8*x + 311. Give n(4).
343
Let f(l) = -372*l - 6332. Calculate f(-17).
-8
Let t(u) = -3*u**3 + 6*u**2 + 96*u + 128. What is t(-4)?
32
Let m(s) = 413*s + 23538. Calculate m(-57).
-3
Let j(w) = -w**3 - 58*w**2 - 216*w + 12. Give j(-54).
12
Let r(a) = -5*a**2 - 8*a + 4. Calculate r(-4).
-44
Let w(g) = g**3 + 2*g**2 + 3*g - 43. Calculate w(3).
11
Let j(u) = 26*u**2 + 333*u + 1. Give j(-15).
856
Let f(r) = -2*r**3 + 4*r**2 + 17*r + 14. What is f(6)?
-172
Let p(f) = f**3 - 93*f**2 - 487*f - 268. Determine p(98).
26
Let h(s) = -2*s**3 + s**2 - 6*s - 112. Determine h(0).
-112
Let r(v) = -95*v - 446. Calculate r(-6).
124
Let i(v) = -15*v**2 - 55*v + 105. What is i(-6)?
-105
Let a(f) = 126*f + 7140. Give a(-57).
-42
Let n(c) = -c**2 + 7*c + 1029. Calculate n(-28).
49
Let n(i) = 25*i + 65. Determine n(0).
65
Let i(k) = 136*k + 4. Calculate i(1).
140
Let h(v) = v**3 - 20*v**2 + 14*v + 42. Calculate h(14).
-938
Let k(z) = z**2 - 39*z + 390. Determine k(15).
30
Let x(t) = -t**2 - 151*t - 4080. What is x(-115)?
60
Let a(g) = -g**2 + 25*g - 173. Give a(15).
-23
Let a(r) = 2*r**3 - 25*r**2 + 66*r - 4. Determine a(3).
23
Let k(j) = -j**2 + 110*j - 2540. Calculate k(77).
1
Let m(z) = -19*z - 388. What is m(-12)?
-160
Let n(u) = -3*u - 146. What is n(-51)?
7
Let v(y) = -y**2 + 23*y + 81. Give v(-6).
-93
Let h(d) = 1034*d - 363974. Calculate h(352).
-6
Let l(j) = -156*j + 695. Give l(5).
-85
Let l(r) = -8*r**3 + 114*r**2 - 30*r + 6. Calculate l(14).
-22
Let m(h) = h**3 - 134*h**2 + 7*h - 940. Calculate m(134).
-2
Let u(f) = 3*f**3 - 19*f**2 - 9*f + 8. Give u(7).
43
Let b(o) = 16*o**2 - 5*o + 12. Determine b(2).
66
Let b(d) = d - 18. Determine b(-3).
-21
Let l(i) = i**2 + 122*i + 2878. Calculate l(-34).
-114
Let y(k) = -2*k**2 + 186*k - 1651. Give y(82).
153
Let u(w) = -7*w - 261. Calculate u(-36).
-9
Let q(n) = n**3 + 4*n**2 - 57*n - 230. Give q(-5).
30
Let a(x) = 46*x + 1560. Determine a(-34).
-4
Let o(c) = -c**3 - 20*c**2 + 11*c + 229. Give o(-20).
9
Let b(f) = f**2 + 17*f + 120. Give b(-16).
104
Let t(k) = 5*k**2 + 13*k - 84. Give t(-10).
286
Let x(u) = -u**2 - 23*u + 94. Calculate x(4).
-14
Let c(k) = 603*k - 74765. Determine c(124).
7
Let i(l) = 69*l - 2342. What is i(34)?
4
Let a(j) = j**2 - 71*j + 1191. Calculate a(27).
3
Let w(f) = 31*f + 896. Give w(-26).
90
Let m(y) = -705*y - 7052. Give m(-10).
-2
Let d(l) = 8*l**3 + 3*l**2 + 5*l - 2. Give d(0).
-2
Let o(h) = 37*h + 2167. Give o(-79).
-756
Let c(d) = 1030*d - 3136. Give c(3).
-46
Let l(h) = -39*h - 3329. Calculate l(-85).
-14
Let h(b) = -3*b**3 - 478*b**2 - 1099*b + 129. Determine h(-157).
129
Let t(d) = -d**3 + 50*d**2 - 405*d + 205. Calculate t(40).
5
Let a(q) = -3*q**3 + 15*q**2 + 39*q - 21. What is a(7)?
-42
Let q(x) = 223*x + 1888. Give q(-9).
-119
Let i(l) = -l**3 + 9*l**2 - 344*l + 1960. Give i(6).
4
Let i(y) = -y - 33. Determine i(14).
-47
Let x(h) = 442*h - 22526. Calculate x(51).
16
Let f(r) = -40*r - 197. Give f(-16).
443
Let t(r) = -r**2 - 2884*r - 8645. Calculate t(-3).
-2
Let t(x) = 42*x + 289. Give t(-7).
-5
Let x(f) = 2*f**2 + 134*f + 248. Determine x(-63).
-256
Let p(f) = f**3 - 34*f**2 - 41*f + 1393. Determine p(34).
-1
Let a(v) = -104*v + 2509. Determine a(24).
13
Let g(h) = h**2 + 34*h + 20. Calculate g(-17).
-269
Let w(v) = -6*v - 108. Determine w(-12).
-36
Let d(o) = 3*o**2 + 11*o - 9. Determine d(-13).
355
Let l(z) = 24*z**2 + 15*z - 9. Determine l(5).
666
Let n(p) = -5*p**2 - 12*p - 82. Determine n(-6).
-190
Let i(g) = -3*g**3 + 10*g**2 - 47*g + 10. What is i(6)?
-560
Let u(m) = m**3 + 4*m**2 - 193*m - 578. Determine u(-3).
10
Let s(p) = p**3 + 28*p**2 - 7*p + 47. Determine s(-28).
243
Let q(d) = d**2 + 10*d - 107. What is q(9)?
64
Let n(g) = -19*g**3 + 95*g**2 - 33*g + 197. What is n(5)?
32
Let h(p) = -15*p - 55. Give h(-5).
20
Let z(l) = -l**2 - 57*l + 677. Give z(10).
7
Let o(y) = 190*y - 2223. Calculate o(11).
-133
Let m(i) = i**3 + 18*i**2 + 40*i + 115. Determine m(-16).
-13
Let u(l) = 55*l - 305. Determine u(5).
-30
Let x(i) = i**3 - 49*i**2 - 2*i + 95. What is x(49)?
-3
Let n(x) = -x**3 + 87*x**2 - x + 49. Determine n(87).
-38
Let n(z) = -2*z**2 + 49*z + 1673. Calculate n(44).
-43
Let u(q) = 4195*q + 41964. What is u(-10)?
14
Let s(l) = 52*l**3 - 259*l**2 - 15*l + 46. Determine s(5).
-4
Let a(m) = -24*m**2 + 47*m + 40. What is a(3)?
-35
Let h(a) = a**3 - 26*a**2 + 15*a + 183. Give h(25).
-67
Let y(i) = -i**2 + 12*i + 46. Determine y(-7).
-87
Let m(f) = -f**2 + 41*f + 15449. Calculate m(147).
-133
Let y(i) = -3*i**3 - 38*i**2 - 11*i - 33. Calculate y(-11).
-517
Let c(j) = 2*j**2 - 313*j + 1521. What is c(5)?
6
Let x(d) = -d**2 - 81*d - 857. What is x(-40)?
783
Let h(b) = -2*b**2 - 13*b + 101. Give h(-14).
-109
Let a(r) = -849*r + 5932. What is a(7)?
-11
Let x(w) = -3*w**3 + 26*w**2 - 36*w + 201. Give x(8).
41
Let t(s) = 53*s**3 - s**2 - 26*s - 24. Give t(-1).
-52
Let x(h) = 2*h**2 + 7*h - 237. What is x(-13)?
10
Let t(w) = 1351*w - 1365. Calculate t(1).
-14
Let p(m) = m**3 - 28*m**2 + 65*m - 267. Determine p(26).
71
Let v(z) = 6*z - 135. Calculate v(10).
-75
Let p(v) = v**3 + 34*v**2 - 40*v - 179. What is p(-35)?
-4
Let b(p) = 8*p - 240. What is b(23)?
-56
Let v(d) = -d**2 + 18*d - 54. Calculate v(10).
26
Let o(j) = j**3 + 51*j**2 + 97*j - 62. Determine o(-49).
-13
Let l(o) = -o**3 - 23*o**2 - 75*o - 688. Calculate l(-21).
5
Let m(g) = 38*g - 577. Determine m(15).
-7
Let h(f) = -f**3 - 3*f**2 - 3*f + 2. What is h(1)?
-5
Let w(b) = -64*b + 1340. Give w(21).
-4
Let z(u) = 71*u + 1774. Determine z(-25).
-1
Let y(h) = -37*h + 1544. Calculate y(41).
27
Let w(n) = -3*n**3 + 214*n**2 + 145*n - 17. Determine w(72).
55
Let d(t) = 260*t - 1244. Determine d(0).
-1244
Let b(f) = -46*f + 1112. What is b(24)?
8
Let l(f) = -65*f + 728. What is l(10)?
78
Let r(s) = s**2 - 12*s - 65. What is r(-8)?
95
Let n(x) = x**3 - 125*x**2 - 392*x + 1005. Give n(128).
-19
Let y(m) = 335*m - 2999. What is y(9)?
16
Let h(p) = -p**2 + 22*p + 36. Calculate h(26).
-68
Let q(u) = 3*u**2 - 2*u - 5. Determine q(3).
16
Let t(u) = 120*u + 3273. Give t(-27).
33
Let j(t) = -29*t + 683. Give j(32).
-245
Let l(k) = -45*k + 349. Give l(13).
-236
Let y(u) = 611*u - 10374. Give y(17).
13
Let k(f) = f**3 - 125*f**2 + 2*f - 242. Give k(125).
8
Let w(p) = 2*p**3 + 13*p**2 - 56*p - 301. What is w(-7)?
42
Let y(d) = -31*d - 127. Give y(-4).
-3
Let k(z) = z**3 + 90*z**2 - 18